{"id":306,"date":"2024-05-24T18:03:33","date_gmt":"2024-05-24T16:03:33","guid":{"rendered":"https:\/\/amicalelaiquetardy.fr\/?page_id=306"},"modified":"2024-12-12T14:58:37","modified_gmt":"2024-12-12T13:58:37","slug":"adhesion","status":"publish","type":"page","link":"https:\/\/amicalelaiquetardy.fr\/index.php\/adhesion\/","title":{"rendered":"Adh\u00e9sion"},"content":{"rendered":"\n<p>Pour adh\u00e9rer \u00e0 l&rsquo;Amicale La\u00efque de Tardy, vous pouvez prendre votre adh\u00e9sion sur place en remplissant un bulletin d&rsquo;adh\u00e9sion. L&rsquo;adh\u00e9sion annuelle (ann\u00e9e scolaire 24-25) est de 12\u20ac par adulte et de 7\u20ac par enfant.<\/p>\n\n\n\n<figure class=\"wp-block-image size-large is-resized\"><img loading=\"lazy\" decoding=\"async\" width=\"724\" height=\"1024\" src=\"https:\/\/amicalelaiquetardy.fr\/wp-content\/uploads\/2024\/06\/Bulletin-dadhesion-724x1024.png\" alt=\"\" class=\"wp-image-383\" style=\"aspect-ratio:1;width:840px;height:auto\" srcset=\"https:\/\/amicalelaiquetardy.fr\/wp-content\/uploads\/2024\/06\/Bulletin-dadhesion-724x1024.png 724w, https:\/\/amicalelaiquetardy.fr\/wp-content\/uploads\/2024\/06\/Bulletin-dadhesion-212x300.png 212w, https:\/\/amicalelaiquetardy.fr\/wp-content\/uploads\/2024\/06\/Bulletin-dadhesion-768x1086.png 768w, https:\/\/amicalelaiquetardy.fr\/wp-content\/uploads\/2024\/06\/Bulletin-dadhesion-1086x1536.png 1086w, https:\/\/amicalelaiquetardy.fr\/wp-content\/uploads\/2024\/06\/Bulletin-dadhesion.png 1414w\" sizes=\"auto, (max-width: 724px) 100vw, 724px\" \/><\/figure>\n\n\n\n<p>Vous pouvez \u00e9galement la prendre en ligne via HelloAsso en suivant ce lien : <br><a href=\"https:\/\/www.helloasso.com\/associations\/amicale-laique-de-tardy\/adhesions\/adhesion\">https:\/\/www.helloasso.com\/associations\/amicale-laique-de-tardy\/adhesions\/adhesion<\/a><\/p>\n","protected":false},"excerpt":{"rendered":"<p>Pour adh\u00e9rer \u00e0 l&rsquo;Amicale La\u00efque de Tardy, vous pouvez prendre votre adh\u00e9sion sur place en remplissant un bulletin d&rsquo;adh\u00e9sion. L&rsquo;adh\u00e9sion annuelle (ann\u00e9e scolaire 24-25) est de 12\u20ac par adulte et de 7\u20ac par enfant. Vous pouvez \u00e9galement la prendre en ligne via HelloAsso en suivant ce lien : https:\/\/www.helloasso.com\/associations\/amicale-laique-de-tardy\/adhesions\/adhesion<\/p>\n","protected":false},"author":1,"featured_media":0,"parent":0,"menu_order":0,"comment_status":"closed","ping_status":"closed","template":"","meta":{"footnotes":""},"class_list":["post-306","page","type-page","status-publish","hentry"],"_links":{"self":[{"href":"https:\/\/amicalelaiquetardy.fr\/index.php\/wp-json\/wp\/v2\/pages\/306","targetHints":{"allow":["GET"]}}],"collection":[{"href":"https:\/\/amicalelaiquetardy.fr\/index.php\/wp-json\/wp\/v2\/pages"}],"about":[{"href":"https:\/\/amicalelaiquetardy.fr\/index.php\/wp-json\/wp\/v2\/types\/page"}],"author":[{"embeddable":true,"href":"https:\/\/amicalelaiquetardy.fr\/index.php\/wp-json\/wp\/v2\/users\/1"}],"replies":[{"embeddable":true,"href":"https:\/\/amicalelaiquetardy.fr\/index.php\/wp-json\/wp\/v2\/comments?post=306"}],"version-history":[{"count":3,"href":"https:\/\/amicalelaiquetardy.fr\/index.php\/wp-json\/wp\/v2\/pages\/306\/revisions"}],"predecessor-version":[{"id":739,"href":"https:\/\/amicalelaiquetardy.fr\/index.php\/wp-json\/wp\/v2\/pages\/306\/revisions\/739"}],"wp:attachment":[{"href":"https:\/\/amicalelaiquetardy.fr\/index.php\/wp-json\/wp\/v2\/media?parent=306"}],"curies":[{"name":"wp","href":"https:\/\/api.w.org\/{rel}","templated":true}]}}