{"id":579,"date":"2024-10-02T11:51:03","date_gmt":"2024-10-02T09:51:03","guid":{"rendered":"https:\/\/amicalelaiquetardy.fr\/?page_id=579"},"modified":"2025-11-24T16:58:51","modified_gmt":"2025-11-24T15:58:51","slug":"realisations-des-6-11-ans","status":"publish","type":"page","link":"https:\/\/amicalelaiquetardy.fr\/index.php\/realisations-des-6-11-ans\/","title":{"rendered":"Mercredis et vacances"},"content":{"rendered":"\n<p>En ce d\u00e9but d&rsquo;ann\u00e9e scolaire, les 6-11 ans travaillent sur les \u00e9motions les mercredis ! <\/p>\n\n\n\n<figure class=\"wp-block-gallery has-nested-images columns-default is-cropped wp-block-gallery-1 is-layout-flex wp-block-gallery-is-layout-flex\">\n<figure class=\"wp-block-image size-large\"><img loading=\"lazy\" decoding=\"async\" width=\"768\" height=\"1024\" data-id=\"580\" src=\"https:\/\/amicalelaiquetardy.fr\/wp-content\/uploads\/2024\/10\/1727862450432-768x1024.jpg\" alt=\"\" class=\"wp-image-580\" srcset=\"https:\/\/amicalelaiquetardy.fr\/wp-content\/uploads\/2024\/10\/1727862450432-768x1024.jpg 768w, https:\/\/amicalelaiquetardy.fr\/wp-content\/uploads\/2024\/10\/1727862450432-225x300.jpg 225w, https:\/\/amicalelaiquetardy.fr\/wp-content\/uploads\/2024\/10\/1727862450432-1152x1536.jpg 1152w, https:\/\/amicalelaiquetardy.fr\/wp-content\/uploads\/2024\/10\/1727862450432.jpg 1536w\" sizes=\"auto, (max-width: 768px) 100vw, 768px\" \/><\/figure>\n\n\n\n<figure class=\"wp-block-image size-large\"><img loading=\"lazy\" decoding=\"async\" width=\"768\" height=\"1024\" data-id=\"582\" src=\"https:\/\/amicalelaiquetardy.fr\/wp-content\/uploads\/2024\/10\/1727862450448-768x1024.jpg\" alt=\"\" class=\"wp-image-582\" srcset=\"https:\/\/amicalelaiquetardy.fr\/wp-content\/uploads\/2024\/10\/1727862450448-768x1024.jpg 768w, https:\/\/amicalelaiquetardy.fr\/wp-content\/uploads\/2024\/10\/1727862450448-225x300.jpg 225w, https:\/\/amicalelaiquetardy.fr\/wp-content\/uploads\/2024\/10\/1727862450448-1152x1536.jpg 1152w, https:\/\/amicalelaiquetardy.fr\/wp-content\/uploads\/2024\/10\/1727862450448.jpg 1536w\" sizes=\"auto, (max-width: 768px) 100vw, 768px\" \/><\/figure>\n\n\n\n<figure class=\"wp-block-image size-large\"><img loading=\"lazy\" decoding=\"async\" width=\"768\" height=\"1024\" data-id=\"584\" src=\"https:\/\/amicalelaiquetardy.fr\/wp-content\/uploads\/2024\/10\/1727862450467-768x1024.jpg\" alt=\"\" class=\"wp-image-584\" srcset=\"https:\/\/amicalelaiquetardy.fr\/wp-content\/uploads\/2024\/10\/1727862450467-768x1024.jpg 768w, https:\/\/amicalelaiquetardy.fr\/wp-content\/uploads\/2024\/10\/1727862450467-225x300.jpg 225w, https:\/\/amicalelaiquetardy.fr\/wp-content\/uploads\/2024\/10\/1727862450467-1152x1536.jpg 1152w, https:\/\/amicalelaiquetardy.fr\/wp-content\/uploads\/2024\/10\/1727862450467.jpg 1536w\" sizes=\"auto, (max-width: 768px) 100vw, 768px\" \/><\/figure>\n\n\n\n<figure class=\"wp-block-image size-large\"><img loading=\"lazy\" decoding=\"async\" width=\"768\" height=\"1024\" data-id=\"585\" src=\"https:\/\/amicalelaiquetardy.fr\/wp-content\/uploads\/2024\/10\/1727862450486-768x1024.jpg\" alt=\"\" class=\"wp-image-585\" srcset=\"https:\/\/amicalelaiquetardy.fr\/wp-content\/uploads\/2024\/10\/1727862450486-768x1024.jpg 768w, https:\/\/amicalelaiquetardy.fr\/wp-content\/uploads\/2024\/10\/1727862450486-225x300.jpg 225w, https:\/\/amicalelaiquetardy.fr\/wp-content\/uploads\/2024\/10\/1727862450486-1152x1536.jpg 1152w, https:\/\/amicalelaiquetardy.fr\/wp-content\/uploads\/2024\/10\/1727862450486.jpg 1536w\" sizes=\"auto, (max-width: 768px) 100vw, 768px\" \/><\/figure>\n\n\n\n<figure class=\"wp-block-image size-large\"><img loading=\"lazy\" decoding=\"async\" width=\"1024\" height=\"768\" data-id=\"588\" src=\"https:\/\/amicalelaiquetardy.fr\/wp-content\/uploads\/2024\/10\/1727862450542-1024x768.jpg\" alt=\"\" class=\"wp-image-588\" srcset=\"https:\/\/amicalelaiquetardy.fr\/wp-content\/uploads\/2024\/10\/1727862450542-1024x768.jpg 1024w, https:\/\/amicalelaiquetardy.fr\/wp-content\/uploads\/2024\/10\/1727862450542-300x225.jpg 300w, https:\/\/amicalelaiquetardy.fr\/wp-content\/uploads\/2024\/10\/1727862450542-768x576.jpg 768w, https:\/\/amicalelaiquetardy.fr\/wp-content\/uploads\/2024\/10\/1727862450542-1536x1152.jpg 1536w, https:\/\/amicalelaiquetardy.fr\/wp-content\/uploads\/2024\/10\/1727862450542.jpg 2048w\" sizes=\"auto, (max-width: 1024px) 100vw, 1024px\" \/><\/figure>\n\n\n\n<figure class=\"wp-block-image size-large\"><img loading=\"lazy\" decoding=\"async\" width=\"768\" height=\"1024\" data-id=\"583\" src=\"https:\/\/amicalelaiquetardy.fr\/wp-content\/uploads\/2024\/10\/1727862450560-768x1024.jpg\" alt=\"\" class=\"wp-image-583\" srcset=\"https:\/\/amicalelaiquetardy.fr\/wp-content\/uploads\/2024\/10\/1727862450560-768x1024.jpg 768w, https:\/\/amicalelaiquetardy.fr\/wp-content\/uploads\/2024\/10\/1727862450560-225x300.jpg 225w, https:\/\/amicalelaiquetardy.fr\/wp-content\/uploads\/2024\/10\/1727862450560-1152x1536.jpg 1152w, https:\/\/amicalelaiquetardy.fr\/wp-content\/uploads\/2024\/10\/1727862450560.jpg 1536w\" sizes=\"auto, (max-width: 768px) 100vw, 768px\" \/><\/figure>\n<\/figure>\n\n\n\n<figure class=\"wp-block-gallery has-nested-images columns-default is-cropped wp-block-gallery-2 is-layout-flex wp-block-gallery-is-layout-flex\">\n<figure class=\"wp-block-image size-large\"><img loading=\"lazy\" decoding=\"async\" width=\"768\" height=\"1024\" data-id=\"666\" src=\"https:\/\/amicalelaiquetardy.fr\/wp-content\/uploads\/2024\/10\/IMG-20241010-WA0001-768x1024.jpg\" alt=\"\" class=\"wp-image-666\" srcset=\"https:\/\/amicalelaiquetardy.fr\/wp-content\/uploads\/2024\/10\/IMG-20241010-WA0001-768x1024.jpg 768w, https:\/\/amicalelaiquetardy.fr\/wp-content\/uploads\/2024\/10\/IMG-20241010-WA0001-225x300.jpg 225w, https:\/\/amicalelaiquetardy.fr\/wp-content\/uploads\/2024\/10\/IMG-20241010-WA0001-1152x1536.jpg 1152w, https:\/\/amicalelaiquetardy.fr\/wp-content\/uploads\/2024\/10\/IMG-20241010-WA0001.jpg 1200w\" sizes=\"auto, (max-width: 768px) 100vw, 768px\" \/><\/figure>\n\n\n\n<figure class=\"wp-block-image size-large\"><img loading=\"lazy\" decoding=\"async\" width=\"768\" height=\"1024\" data-id=\"664\" src=\"https:\/\/amicalelaiquetardy.fr\/wp-content\/uploads\/2024\/10\/IMG-20241010-WA0002-768x1024.jpg\" alt=\"\" class=\"wp-image-664\" srcset=\"https:\/\/amicalelaiquetardy.fr\/wp-content\/uploads\/2024\/10\/IMG-20241010-WA0002-768x1024.jpg 768w, https:\/\/amicalelaiquetardy.fr\/wp-content\/uploads\/2024\/10\/IMG-20241010-WA0002-225x300.jpg 225w, https:\/\/amicalelaiquetardy.fr\/wp-content\/uploads\/2024\/10\/IMG-20241010-WA0002-1152x1536.jpg 1152w, https:\/\/amicalelaiquetardy.fr\/wp-content\/uploads\/2024\/10\/IMG-20241010-WA0002.jpg 1200w\" sizes=\"auto, (max-width: 768px) 100vw, 768px\" \/><\/figure>\n\n\n\n<figure class=\"wp-block-image size-large\"><img loading=\"lazy\" decoding=\"async\" width=\"768\" height=\"1024\" data-id=\"661\" src=\"https:\/\/amicalelaiquetardy.fr\/wp-content\/uploads\/2024\/10\/IMG-20241010-WA0003-768x1024.jpg\" alt=\"\" class=\"wp-image-661\" srcset=\"https:\/\/amicalelaiquetardy.fr\/wp-content\/uploads\/2024\/10\/IMG-20241010-WA0003-768x1024.jpg 768w, https:\/\/amicalelaiquetardy.fr\/wp-content\/uploads\/2024\/10\/IMG-20241010-WA0003-225x300.jpg 225w, https:\/\/amicalelaiquetardy.fr\/wp-content\/uploads\/2024\/10\/IMG-20241010-WA0003-1152x1536.jpg 1152w, https:\/\/amicalelaiquetardy.fr\/wp-content\/uploads\/2024\/10\/IMG-20241010-WA0003.jpg 1200w\" sizes=\"auto, (max-width: 768px) 100vw, 768px\" \/><\/figure>\n\n\n\n<figure class=\"wp-block-image size-large\"><img loading=\"lazy\" decoding=\"async\" width=\"768\" height=\"1024\" data-id=\"669\" src=\"https:\/\/amicalelaiquetardy.fr\/wp-content\/uploads\/2024\/10\/IMG-20241010-WA0005-768x1024.jpg\" alt=\"\" class=\"wp-image-669\" srcset=\"https:\/\/amicalelaiquetardy.fr\/wp-content\/uploads\/2024\/10\/IMG-20241010-WA0005-768x1024.jpg 768w, https:\/\/amicalelaiquetardy.fr\/wp-content\/uploads\/2024\/10\/IMG-20241010-WA0005-225x300.jpg 225w, https:\/\/amicalelaiquetardy.fr\/wp-content\/uploads\/2024\/10\/IMG-20241010-WA0005-1152x1536.jpg 1152w, https:\/\/amicalelaiquetardy.fr\/wp-content\/uploads\/2024\/10\/IMG-20241010-WA0005.jpg 1200w\" sizes=\"auto, (max-width: 768px) 100vw, 768px\" \/><\/figure>\n\n\n\n<figure class=\"wp-block-image size-large\"><img loading=\"lazy\" decoding=\"async\" width=\"768\" height=\"1024\" data-id=\"667\" src=\"https:\/\/amicalelaiquetardy.fr\/wp-content\/uploads\/2024\/10\/IMG-20241010-WA0010-768x1024.jpg\" alt=\"\" class=\"wp-image-667\" srcset=\"https:\/\/amicalelaiquetardy.fr\/wp-content\/uploads\/2024\/10\/IMG-20241010-WA0010-768x1024.jpg 768w, https:\/\/amicalelaiquetardy.fr\/wp-content\/uploads\/2024\/10\/IMG-20241010-WA0010-225x300.jpg 225w, https:\/\/amicalelaiquetardy.fr\/wp-content\/uploads\/2024\/10\/IMG-20241010-WA0010-1152x1536.jpg 1152w, https:\/\/amicalelaiquetardy.fr\/wp-content\/uploads\/2024\/10\/IMG-20241010-WA0010.jpg 1200w\" sizes=\"auto, (max-width: 768px) 100vw, 768px\" \/><\/figure>\n\n\n\n<figure class=\"wp-block-image size-large\"><img loading=\"lazy\" decoding=\"async\" width=\"768\" height=\"1024\" data-id=\"660\" src=\"https:\/\/amicalelaiquetardy.fr\/wp-content\/uploads\/2024\/10\/IMG-20241010-WA0011-768x1024.jpg\" alt=\"\" class=\"wp-image-660\" srcset=\"https:\/\/amicalelaiquetardy.fr\/wp-content\/uploads\/2024\/10\/IMG-20241010-WA0011-768x1024.jpg 768w, https:\/\/amicalelaiquetardy.fr\/wp-content\/uploads\/2024\/10\/IMG-20241010-WA0011-225x300.jpg 225w, https:\/\/amicalelaiquetardy.fr\/wp-content\/uploads\/2024\/10\/IMG-20241010-WA0011-1152x1536.jpg 1152w, https:\/\/amicalelaiquetardy.fr\/wp-content\/uploads\/2024\/10\/IMG-20241010-WA0011.jpg 1200w\" sizes=\"auto, (max-width: 768px) 100vw, 768px\" \/><\/figure>\n<\/figure>\n\n\n\n<p>Activit\u00e9 land-art avec les petits : r\u00e9colte le matin dans le quartier, atelier l&rsquo;apr\u00e8s-midi !<\/p>\n\n\n\n<figure class=\"wp-block-gallery has-nested-images columns-default is-cropped wp-block-gallery-3 is-layout-flex wp-block-gallery-is-layout-flex\">\n<figure class=\"wp-block-image size-large\"><img loading=\"lazy\" decoding=\"async\" width=\"768\" height=\"1024\" data-id=\"981\" src=\"https:\/\/amicalelaiquetardy.fr\/wp-content\/uploads\/2025\/11\/Image-9-768x1024.jpg\" alt=\"\" class=\"wp-image-981\" srcset=\"https:\/\/amicalelaiquetardy.fr\/wp-content\/uploads\/2025\/11\/Image-9-768x1024.jpg 768w, https:\/\/amicalelaiquetardy.fr\/wp-content\/uploads\/2025\/11\/Image-9-225x300.jpg 225w, https:\/\/amicalelaiquetardy.fr\/wp-content\/uploads\/2025\/11\/Image-9-1152x1536.jpg 1152w, https:\/\/amicalelaiquetardy.fr\/wp-content\/uploads\/2025\/11\/Image-9-1536x2048.jpg 1536w, https:\/\/amicalelaiquetardy.fr\/wp-content\/uploads\/2025\/11\/Image-9-scaled.jpg 1920w\" sizes=\"auto, (max-width: 768px) 100vw, 768px\" \/><\/figure>\n\n\n\n<figure class=\"wp-block-image size-large\"><img loading=\"lazy\" decoding=\"async\" width=\"768\" height=\"1024\" data-id=\"982\" src=\"https:\/\/amicalelaiquetardy.fr\/wp-content\/uploads\/2025\/11\/Image-8-768x1024.jpg\" alt=\"\" class=\"wp-image-982\" srcset=\"https:\/\/amicalelaiquetardy.fr\/wp-content\/uploads\/2025\/11\/Image-8-768x1024.jpg 768w, https:\/\/amicalelaiquetardy.fr\/wp-content\/uploads\/2025\/11\/Image-8-225x300.jpg 225w, https:\/\/amicalelaiquetardy.fr\/wp-content\/uploads\/2025\/11\/Image-8-1152x1536.jpg 1152w, https:\/\/amicalelaiquetardy.fr\/wp-content\/uploads\/2025\/11\/Image-8-1536x2048.jpg 1536w, https:\/\/amicalelaiquetardy.fr\/wp-content\/uploads\/2025\/11\/Image-8-scaled.jpg 1920w\" sizes=\"auto, (max-width: 768px) 100vw, 768px\" \/><\/figure>\n<\/figure>\n\n\n\n<p>Cr\u00e9ations en argile avec les 6+<\/p>\n\n\n\n<figure class=\"wp-block-gallery has-nested-images columns-default is-cropped wp-block-gallery-4 is-layout-flex wp-block-gallery-is-layout-flex\">\n<figure class=\"wp-block-image size-large\"><img loading=\"lazy\" decoding=\"async\" width=\"768\" height=\"1024\" data-id=\"995\" src=\"https:\/\/amicalelaiquetardy.fr\/wp-content\/uploads\/2025\/11\/Image-15-1-768x1024.jpg\" alt=\"\" class=\"wp-image-995\" srcset=\"https:\/\/amicalelaiquetardy.fr\/wp-content\/uploads\/2025\/11\/Image-15-1-768x1024.jpg 768w, https:\/\/amicalelaiquetardy.fr\/wp-content\/uploads\/2025\/11\/Image-15-1-225x300.jpg 225w, https:\/\/amicalelaiquetardy.fr\/wp-content\/uploads\/2025\/11\/Image-15-1-1152x1536.jpg 1152w, https:\/\/amicalelaiquetardy.fr\/wp-content\/uploads\/2025\/11\/Image-15-1-1536x2048.jpg 1536w, https:\/\/amicalelaiquetardy.fr\/wp-content\/uploads\/2025\/11\/Image-15-1-scaled.jpg 1920w\" sizes=\"auto, (max-width: 768px) 100vw, 768px\" \/><\/figure>\n\n\n\n<figure class=\"wp-block-image size-large\"><img loading=\"lazy\" decoding=\"async\" width=\"768\" height=\"1024\" data-id=\"994\" src=\"https:\/\/amicalelaiquetardy.fr\/wp-content\/uploads\/2025\/11\/Image-13-1-768x1024.jpg\" alt=\"\" class=\"wp-image-994\" srcset=\"https:\/\/amicalelaiquetardy.fr\/wp-content\/uploads\/2025\/11\/Image-13-1-768x1024.jpg 768w, https:\/\/amicalelaiquetardy.fr\/wp-content\/uploads\/2025\/11\/Image-13-1-225x300.jpg 225w, https:\/\/amicalelaiquetardy.fr\/wp-content\/uploads\/2025\/11\/Image-13-1-1152x1536.jpg 1152w, https:\/\/amicalelaiquetardy.fr\/wp-content\/uploads\/2025\/11\/Image-13-1-1536x2048.jpg 1536w, https:\/\/amicalelaiquetardy.fr\/wp-content\/uploads\/2025\/11\/Image-13-1-scaled.jpg 1920w\" sizes=\"auto, (max-width: 768px) 100vw, 768px\" \/><\/figure>\n\n\n\n<figure class=\"wp-block-image size-large\"><img loading=\"lazy\" decoding=\"async\" width=\"768\" height=\"1024\" data-id=\"996\" src=\"https:\/\/amicalelaiquetardy.fr\/wp-content\/uploads\/2025\/11\/Image-10-1-768x1024.jpg\" alt=\"\" class=\"wp-image-996\" srcset=\"https:\/\/amicalelaiquetardy.fr\/wp-content\/uploads\/2025\/11\/Image-10-1-768x1024.jpg 768w, https:\/\/amicalelaiquetardy.fr\/wp-content\/uploads\/2025\/11\/Image-10-1-225x300.jpg 225w, https:\/\/amicalelaiquetardy.fr\/wp-content\/uploads\/2025\/11\/Image-10-1-1152x1536.jpg 1152w, https:\/\/amicalelaiquetardy.fr\/wp-content\/uploads\/2025\/11\/Image-10-1-1536x2048.jpg 1536w, https:\/\/amicalelaiquetardy.fr\/wp-content\/uploads\/2025\/11\/Image-10-1-scaled.jpg 1920w\" sizes=\"auto, (max-width: 768px) 100vw, 768px\" \/><\/figure>\n<\/figure>\n\n\n\n<p><\/p>\n","protected":false},"excerpt":{"rendered":"<p>En ce d\u00e9but d&rsquo;ann\u00e9e scolaire, les 6-11 ans travaillent sur les \u00e9motions les mercredis ! Activit\u00e9 land-art avec les petits : r\u00e9colte le matin dans le quartier, atelier l&rsquo;apr\u00e8s-midi ! Cr\u00e9ations en argile avec les 6+<\/p>\n","protected":false},"author":1,"featured_media":0,"parent":0,"menu_order":0,"comment_status":"closed","ping_status":"closed","template":"","meta":{"footnotes":""},"class_list":["post-579","page","type-page","status-publish","hentry"],"_links":{"self":[{"href":"https:\/\/amicalelaiquetardy.fr\/index.php\/wp-json\/wp\/v2\/pages\/579","targetHints":{"allow":["GET"]}}],"collection":[{"href":"https:\/\/amicalelaiquetardy.fr\/index.php\/wp-json\/wp\/v2\/pages"}],"about":[{"href":"https:\/\/amicalelaiquetardy.fr\/index.php\/wp-json\/wp\/v2\/types\/page"}],"author":[{"embeddable":true,"href":"https:\/\/amicalelaiquetardy.fr\/index.php\/wp-json\/wp\/v2\/users\/1"}],"replies":[{"embeddable":true,"href":"https:\/\/amicalelaiquetardy.fr\/index.php\/wp-json\/wp\/v2\/comments?post=579"}],"version-history":[{"count":7,"href":"https:\/\/amicalelaiquetardy.fr\/index.php\/wp-json\/wp\/v2\/pages\/579\/revisions"}],"predecessor-version":[{"id":999,"href":"https:\/\/amicalelaiquetardy.fr\/index.php\/wp-json\/wp\/v2\/pages\/579\/revisions\/999"}],"wp:attachment":[{"href":"https:\/\/amicalelaiquetardy.fr\/index.php\/wp-json\/wp\/v2\/media?parent=579"}],"curies":[{"name":"wp","href":"https:\/\/api.w.org\/{rel}","templated":true}]}}