{"id":643,"date":"2024-10-15T14:42:26","date_gmt":"2024-10-15T12:42:26","guid":{"rendered":"https:\/\/amicalelaiquetardy.fr\/?page_id=643"},"modified":"2024-10-18T10:24:46","modified_gmt":"2024-10-18T08:24:46","slug":"periscolaire-du-matin","status":"publish","type":"page","link":"https:\/\/amicalelaiquetardy.fr\/index.php\/periscolaire-du-matin\/","title":{"rendered":"P\u00e9riscolaire du matin"},"content":{"rendered":"\n<p>Au p\u00e9riscolaire du matin, les enfants ont pr\u00e9par\u00e9 Halloween ! <\/p>\n\n\n\n<figure class=\"wp-block-gallery has-nested-images columns-default is-cropped wp-block-gallery-1 is-layout-flex wp-block-gallery-is-layout-flex\">\n<figure class=\"wp-block-image size-large\"><img loading=\"lazy\" decoding=\"async\" width=\"768\" height=\"1024\" data-id=\"644\" src=\"https:\/\/amicalelaiquetardy.fr\/wp-content\/uploads\/2024\/10\/IMG-20241011-WA0001-768x1024.jpg\" alt=\"\" class=\"wp-image-644\" srcset=\"https:\/\/amicalelaiquetardy.fr\/wp-content\/uploads\/2024\/10\/IMG-20241011-WA0001-768x1024.jpg 768w, https:\/\/amicalelaiquetardy.fr\/wp-content\/uploads\/2024\/10\/IMG-20241011-WA0001-225x300.jpg 225w, https:\/\/amicalelaiquetardy.fr\/wp-content\/uploads\/2024\/10\/IMG-20241011-WA0001-1152x1536.jpg 1152w, https:\/\/amicalelaiquetardy.fr\/wp-content\/uploads\/2024\/10\/IMG-20241011-WA0001.jpg 1200w\" sizes=\"auto, (max-width: 768px) 100vw, 768px\" \/><\/figure>\n\n\n\n<figure class=\"wp-block-image size-large\"><img loading=\"lazy\" decoding=\"async\" width=\"768\" height=\"1024\" data-id=\"673\" src=\"https:\/\/amicalelaiquetardy.fr\/wp-content\/uploads\/2024\/10\/IMG-20241018-WA0000-768x1024.jpg\" alt=\"\" class=\"wp-image-673\" srcset=\"https:\/\/amicalelaiquetardy.fr\/wp-content\/uploads\/2024\/10\/IMG-20241018-WA0000-768x1024.jpg 768w, https:\/\/amicalelaiquetardy.fr\/wp-content\/uploads\/2024\/10\/IMG-20241018-WA0000-225x300.jpg 225w, https:\/\/amicalelaiquetardy.fr\/wp-content\/uploads\/2024\/10\/IMG-20241018-WA0000-1152x1536.jpg 1152w, https:\/\/amicalelaiquetardy.fr\/wp-content\/uploads\/2024\/10\/IMG-20241018-WA0000.jpg 1200w\" sizes=\"auto, (max-width: 768px) 100vw, 768px\" \/><\/figure>\n\n\n\n<figure class=\"wp-block-image size-large\"><img loading=\"lazy\" decoding=\"async\" width=\"768\" height=\"1024\" data-id=\"645\" src=\"https:\/\/amicalelaiquetardy.fr\/wp-content\/uploads\/2024\/10\/IMG-20241011-WA0000-768x1024.jpg\" alt=\"\" class=\"wp-image-645\" srcset=\"https:\/\/amicalelaiquetardy.fr\/wp-content\/uploads\/2024\/10\/IMG-20241011-WA0000-768x1024.jpg 768w, https:\/\/amicalelaiquetardy.fr\/wp-content\/uploads\/2024\/10\/IMG-20241011-WA0000-225x300.jpg 225w, https:\/\/amicalelaiquetardy.fr\/wp-content\/uploads\/2024\/10\/IMG-20241011-WA0000-1152x1536.jpg 1152w, https:\/\/amicalelaiquetardy.fr\/wp-content\/uploads\/2024\/10\/IMG-20241011-WA0000.jpg 1200w\" sizes=\"auto, (max-width: 768px) 100vw, 768px\" \/><\/figure>\n<\/figure>\n","protected":false},"excerpt":{"rendered":"<p>Au p\u00e9riscolaire du matin, les enfants ont pr\u00e9par\u00e9 Halloween !<\/p>\n","protected":false},"author":1,"featured_media":0,"parent":0,"menu_order":0,"comment_status":"closed","ping_status":"closed","template":"","meta":{"footnotes":""},"class_list":["post-643","page","type-page","status-publish","hentry"],"_links":{"self":[{"href":"https:\/\/amicalelaiquetardy.fr\/index.php\/wp-json\/wp\/v2\/pages\/643","targetHints":{"allow":["GET"]}}],"collection":[{"href":"https:\/\/amicalelaiquetardy.fr\/index.php\/wp-json\/wp\/v2\/pages"}],"about":[{"href":"https:\/\/amicalelaiquetardy.fr\/index.php\/wp-json\/wp\/v2\/types\/page"}],"author":[{"embeddable":true,"href":"https:\/\/amicalelaiquetardy.fr\/index.php\/wp-json\/wp\/v2\/users\/1"}],"replies":[{"embeddable":true,"href":"https:\/\/amicalelaiquetardy.fr\/index.php\/wp-json\/wp\/v2\/comments?post=643"}],"version-history":[{"count":2,"href":"https:\/\/amicalelaiquetardy.fr\/index.php\/wp-json\/wp\/v2\/pages\/643\/revisions"}],"predecessor-version":[{"id":674,"href":"https:\/\/amicalelaiquetardy.fr\/index.php\/wp-json\/wp\/v2\/pages\/643\/revisions\/674"}],"wp:attachment":[{"href":"https:\/\/amicalelaiquetardy.fr\/index.php\/wp-json\/wp\/v2\/media?parent=643"}],"curies":[{"name":"wp","href":"https:\/\/api.w.org\/{rel}","templated":true}]}}